s of (-96807 - -19)*22/(-44).
2, 24197
Let r be (1 - 10/15)/(2/48). Let h(y) = 3*y - 19. Let z be h(r). Suppose -4*g = -z*n - 42 + 307, -3*n + 122 = 5*g. What are the prime factors of n?
7
Suppose 2*q + 1398 = 4*l, 89*l - 88*l + q - 354 = 0. Suppose 12 + 6 = 3*a. Suppose -a*h - l = -9*h. What are the prime factors of h?
3, 13
Let z = 44652 - 11438. List the prime factors of z.
2, 16607
Let s = 7 - 2. Suppose s*y = -w - 73, -81 = y + 4*y - 3*w. What are the prime factors of ((-10)/y - -2)*3?
2
Suppose 108 = -3*z + 21*z. Suppose 5*k - 315 = 5*p, p - z*p + 15 = 0. List the prime factors of k.
2, 3, 11
Let s = 317 + -271. Suppose 12792 = -33*o + s*o. List the prime factors of o.
2, 3, 41
Suppose 5*b - 4*d - 68006 = 0, -5*b + 6*b - 3*d - 13599 = 0. List the prime factors of b.
2, 3, 2267
Let f = -16033 - -24552. List the prime factors of f.
7, 1217
Suppose -l - 94519 = -4*q - 18233, -q - 3*l = -19052. What are the prime factors of q?
2, 5, 1907
Let r(i) = -7815*i - 4373. List the prime factors of r(-8).
58147
Let k = 9076 + 11782. List the prime factors of k.
2, 10429
Suppose 0 = 6*g - 2*n - 57306, -38215 = 102*g - 106*g + 5*n. List the prime factors of g.
2, 5, 191
Let j(w) = 3*w**2 - 16*w + 21. Let x = 33 + -21. Let l be j(x). What are the prime factors of l/(-27)*-3*3?
3, 29
Let j(v) = 4593*v - 13922. List the prime factors of j(11).
17, 2153
Let z(u) = 6486*u - 1648. List the prime factors of z(7).
2, 131, 167
Let z(g) = 4152*g - 8907. What are the prime factors of z(24)?
3, 7, 29, 149
Let k(s) = 314*s - 248. Let g be k(12). Let t = g + -2298. What are the prime factors of t?
2, 13, 47
Let x(p) = -3*p - 108. Let a(s) = -4*s - 110. Let y(v) = -4*a(v) + 3*x(v). What are the prime factors of y(-7)?
67
What are the prime factors of 9903/(-2)*(-194)/291?
3301
Let h(p) = 3*p**2 - 7*p**2 + p**2 + 0*p**2. Let f be h(-1). List the prime factors of (-31 - -3)/(-1) + f.
5
Suppose -20338 = 4*k + 4*b - 138030, 2*k - 58850 = -b. List the prime factors of k.
3, 17, 577
Let c be 14/119 + (-1262)/34. Let h be c/4*(-4 + 3 - 3). Suppose 2*y + 8 = 6*y, h = i - 3*y. List the prime factors of i.
43
Let d = 5170 - 3418. Let v = d + -1172. What are the prime factors of v?
2, 5, 29
Let c(o) = -3*o**3 + 11*o + 23. Suppose -36 = 13*b + 16. List the prime factors of c(b).
3, 19
Suppose -55716 - 5060 = -4*v. List the prime factors of v.
2, 71, 107
Suppose 164*g - 153*g = 216128. What are the prime factors of g?
2, 307
Let c(d) = -d**3 + 3*d**2 - d + 1. Let b be c(2). Let a(y) = -y**3 + 6 - y**2 + y**2 - 3*y**3 + b*y**2 + 7*y. List the prime factors of a(-3).
2, 3, 5
Let r(h) = 3*h + 8*h + 3 + 0*h. Let y be 38/8 - 438/584. What are the prime factors of r(y)?
47
Suppose 61395 = 20*l - 107805. List the prime factors of l.
2, 3, 5, 47
Suppose 15*w - 28 = -73. Let y(s) = 32*s**2 - 7*s + 2. What are the prime factors of y(w)?
311
Let n = 10632 + 8868. Suppose -n = -7*c - 6*c. What are the prime factors of c?
2, 3, 5
What are the prime factors of -20 + 342/9 - -6180?
2, 3, 1033
Suppose -58*c + 61*c - 6894 = 0. Suppose -17*o = -11*o - c. List the prime factors of o.
383
Suppose 3*g + 5*z = -646, 2*g - 863 = 6*g + 5*z. What are the prime factors of (-2)/3 + g/93 + 293?
2, 5, 29
Suppose -1001*c + 995*c + 12612 = 0. Suppose 50*f - 52*f + c = 0. What are the prime factors of f?
1051
Let m(l) be the third derivative of 5*l**4/24 - 13*l**3/3 + 18*l**2. Let o be m(13). Suppose -33*t + o*t = 966. What are the prime factors of t?
7, 23
Suppose -5*l = 2*z - 19325, -19290 = -0*l - 5*l + 5*z. What are the prime factors of l?
3863
Let g = 285 + -283. Suppose 0 = -11*n + 9*n + 16. What are the prime factors of 68 - n*g/(-4)?
2, 3
Let k = -12 + -67. Let h = 399 - 276. Let j = k + h. What are the prime factors of j?
2, 11
Let s(l) = l**2 + 17*l + 59. Let b be s(-13). Suppose -b*c + 1397 + 409 = 0. List the prime factors of c.
2, 3, 43
Suppose -2*b + 0*b + 146 = 4*l, 5*l = 5*b - 335. Suppose 2*n + 0*n - 80 = 0. Let h = b - n. What are the prime factors of h?
29
Let f(q) = -218*q + 842. What are the prime factors of f(-5)?
2, 3, 7, 23
Let o(z) = -2*z + 18. Let x be o(8). Suppose -x*m - 60 = -5*m + 3*y, 0 = -2*m + 5*y + 49. Suppose 308 = 21*b - m*b. What are the prime factors of b?
7, 11
Suppose -4*q = -0*y - 4*y + 8, 3*q + 5*y - 26 = 0. Suppose -q*g = 3*r + g - 3096, 3*r - 5*g = 3096. List the prime factors of r.
2, 3, 43
Let c be 2*(-1 + 1 + 1). Let m be (-140)/(-23) - 6 - (-14)/(-161). Suppose m = p - 3, 3*p - 123 = -3*t + c*p. What are the prime factors of t?
2, 5
Suppose 0 = 12*a - 6*a + 102. Let z(q) = 3*q**2 + 11*q - 121. List the prime factors of z(a).
13, 43
Let h(l) = l + 11. Let w be h(-11). Let n(b) = -b**3 + b**2 - 3*b + 68. What are the prime factors of n(w)?
2, 17
Suppose -27*z + 496 = -71. Suppose -11662 = 4*n - z*n. List the prime factors of n.
2, 7
Let s = 5204 + -1612. List the prime factors of s.
2, 449
Let n(i) = -30*i**3 + 11*i**2 + 73*i - 8. What are the prime factors of n(-10)?
2, 17, 19, 47
What are the prime factors of 62100/(-63)*(25 - 32)?
2, 3, 5, 23
Let a = 12792 + -8264. Suppose -8*p + 0*p = -a. What are the prime factors of p?
2, 283
Let d(v) = v**2 - v - 5. Let y be d(-3). What are the prime factors of ((-99)/(-21) - 5) + 6239/y?
3, 11
Let g(i) = -171*i**3 + 6*i**2 - i + 4. Let t be g(2). Let r = -742 - t. What are the prime factors of r?
2, 3, 5
List the prime factors of (4*(-6 + 5)/(-2))/(2/7976).
2, 997
List the prime factors of (-6)/(-4) + 9/(-6) + 22041 + -34.
59, 373
List the prime factors of (49*(-18)/(-63))/(13/29926).
2, 7, 1151
Let d = 62 - 60. Suppose v - 136 = -4*p, -3*v - d*p = -0*p - 378. What are the prime factors of v?
2, 31
Let b(z) = -z**2 - 27*z + 197. Let v be b(-31). Let p be 2/(-7) + (-746)/(-14). Suppose 3*t = -2*l + l + p, -v = -l + t. List the prime factors of l.
2, 17
Let y = 13 + -5. Let a(j) = -j**3 + 13*j**2 - 18*j - 41. Let n be a(11). Suppose -n*t - 310 = -y*t. What are the prime factors of t?
2, 31
Let g(m) = -m**3 - 4*m + 90. Let f be g(0). List the prime factors of 160/f - 4/(-18) - -464.
2, 233
Let y be 68/22 + 1/(-11). Let d(v) = 17*v**3 + 3*v**2 - 2*v + 14. List the prime factors of d(y).
2, 13, 19
Suppose 0 = 284*c - 16679601 + 1078345. List the prime factors of c.
2, 11, 227
Suppose 261*r - 264*r + 7047 = 0. What are the prime factors of r?
3, 29
Suppose 15*f - 336 = 3*f. Let n be 142/6 - 4/6. Suppose 0 = f*o - n*o - 285. List the prime factors of o.
3, 19
Suppose 19*k - 2828 = 5*k. Suppose -a - k + 329 = 0. List the prime factors of a.
127
Let z(l) = -21*l**3 - 4*l**2 - 52*l - 180. What are the prime factors of z(-4)?
2, 3, 109
Let t = 26 - 78. Let a = t - -112. What are the prime factors of a?
2, 3, 5
Let i be -30*(-1 + 0 + 2). Let j be (126/(-35))/(4/i). Suppose 66 + j = 3*a. What are the prime factors of a?
31
Let c = -21018 - -31929. What are the prime factors of c?
3, 3637
Let u be 1 + (15 + -2214)*3/3. Let w = u - -3579. What are the prime factors of w?
1381
Let k(g) = g**3 - g**2 - 9*g + 5683. What are the prime factors of k(0)?
5683
Let n(x) = -819*x - 1438. What are the prime factors of n(-9)?
17, 349
Let t = 5078 - 1670. Suppose 3612 - t = x. List the prime factors of x.
2, 3, 17
Let l = -493 + 510. Suppose -y + 478 = -2*h, -l*h + 478 = y - 13*h. List the prime factors of y.
2, 239
Suppose -6*w + 11*w - p + 624 = 0, 3*w - 4*p + 371 = 0. Let t = 168 - w. List the prime factors of t.
293
Let v = -117 + 123. Suppose -3*y + v*y = -6, -362 = -2*q + 4*y. List the prime factors of q.
3, 59
Suppose 47*d - 3*o = 51*d - 93404, -70042 = -3*d - 5*o. List the prime factors of d.
2, 11677
Let m(o) = 220*o**2 + 18*o + 20. List the prime factors of m(9).
2, 9001
Let c = 182 + -180. What are the prime factors of (-6 - (7 - 32))*c*23?
2, 19, 23
Suppose -4*z + i = -15990, 15*z - 4*i + 12002 = 18*z. Let a = z + -2746. What are the prime factors of a?
2, 313
What are the prime factors of -10 + 75/(-150) + (-30459)/(-2)?
3, 19, 89
Let y be (6 + 0)*15/18. Suppose 2962 = y*p - 133. List the prime factors of p.
619
Suppose -223*s - 228*s + 16722 = -442*s. What are the prime factors of s?
2, 929
Let w be (-47)/(-7) + 3/((-147)/(-14)). Suppose -5*g - 3465 = -12*u + w*u, g = -4. List the prime factors of u.
13, 53
Let j be (-3 + 9 + -2 - -2